x, -2*l + l = 2*x - 5. Let g(u) be the second derivative of 1/2*u**2 + 2/3*u**x + 0 + 2*u + 5/12*u**4 + 1/20*u**5. What is g(-4)?
1
Let s(w) be the first derivative of -w**4/4 - 5*w**3/3 + 7*w + 2. Suppose -3*f + 18 = 3. Let v be (3 - 5)/(2/f). Give s(v).
7
Let j(a) = -2*a**2 + 8*a - 10. Let f(w) = w**2 - 7*w + 9. Let m(y) = -3*f(y) - 2*j(y). What is m(-5)?
-7
Let d(u) = -6*u + 36. Let j be d(7). Let c(h) = h**3 + 7*h**2 + 5*h - 4. Give c(j).
2
Suppose 5*d = -d + 96. Suppose y + 4*p + 0*p - 4 = 0, 4*p = 4*y - d. Let s(x) = x**2 - 2*x - 4. Calculate s(y).
4
Let n(z) = 5*z**2. Let x be n(-1). Let r(u) = -u**3 + 4*u**2 + 6*u + 4. Give r(x).
9
Let c(f) = -f**3 + f**2 + 1. Let q(b) = 6*b**3 + 3*b**2 + b + 4. Let j(k) = -3*c(k) + q(k). Calculate j(-1).
-9
Let s be 9/3*(-52)/6. Let c be (-4)/s - 259/(-91). Let t(w) = w**3 - 4*w**2 - w - 1. What is t(c)?
-13
Let k be ((-4)/6)/(1/(-3)). Let p(u) = 0 + u + 3 - k. What is p(3)?
4
Let k(l) be the third derivative of l**5/4 - l**4/24 + l**3/6 - 10*l**2. Determine k(1).
15
Let y = 2 - -1. Suppose y*k = -5*o + 28, -5*o + 0*k + 20 = -5*k. Let b(z) = 2*z - 5. Determine b(o).
5
Let l(p) be the first derivative of 5/2*p**2 - 1/3*p**3 + 1 + p. Suppose 0 = 2*d - 0*d - 12. What is l(d)?
-5
Let z(i) = -i**2 - 9*i - 9. Let g be z(-7). Let j be g - (5/1 + -2). Let s(l) = 0 + 3*l - l**2 - 6 + 2*l**j. What is s(-5)?
4
Let y(b) = 10 - 7 - 7*b**2 + 9*b - 4*b + b**3. Calculate y(6).
-3
Suppose 7 = 3*o + 25. Let z(a) be the second derivative of -1/20*a**5 - 3*a**2 - 2*a + 0*a**3 + 0 - 1/2*a**4. What is z(o)?
-6
Let s(f) be the second derivative of -f**7/840 - f**5/60 - f**4/12 - f**3/6 + 3*f. Let i(p) be the second derivative of s(p). Calculate i(-2).
10
Let f(q) be the second derivative of 0 - q - 1/10*q**5 - 1/12*q**4 + 1/2*q**2 + 0*q**3. Let r = -3 - -2. Calculate f(r).
2
Let d(h) = -5*h**3 + h**2. Let a be (1 + -1)/((-9)/(-3)). Suppose a*l = -3*l + 6. Suppose 0 = -4*f - 2 - l. Determine d(f).
6
Suppose -b + 4*b + 14 = -5*u, 0 = 2*b - 4*u - 20. Let r(w) be the first derivative of -1/4*w**4 + 4*w + 1 + 3/2*w**b + 4/3*w**3. What is r(5)?
-6
Let f(x) = 5*x - 2. Let m(z) = z + 1. Let d(q) = f(q) - 2*m(q). Calculate d(3).
5
Let r(m) = -6*m**2. Let a = 6 + -4. Suppose -a + 5 = -b - h, 0 = b + 3*h + 1. Let g be 9/(-12) - 7/b. Calculate r(g).
-6
Suppose -116 = -4*u - 5*h, -2 = -h + 2. Let v be (-4)/(-10) - u/(-15). Let l(n) be the third derivative of -n**4/8 - n**3/6 - 2*n**2. Determine l(v).
-7
Let r(w) = w**3 + 7*w**2 - 13. Let h(p) = 2*p**3 + 14*p**2 - 25. Let c(i) = 3*h(i) - 5*r(i). Give c(-7).
-10
Suppose 0 = -3*u - 6, -3*c + 5*u + 4 + 12 = 0. Let v(g) be the first derivative of g**3/3 - g**2/2 - 2*g - 1. Calculate v(c).
0
Let x(y) = -2*y + 1. Let n(o) be the first derivative of o**3/3 - 9*o**2/2 + 11*o + 2. Let q be n(8). What is x(q)?
-5
Let a be 4 + 0 - 4 - 1. Let b = a + -5. Let w(j) = -j**3 - 6*j**2 + 2*j + 4. Give w(b).
-8
Let h(i) = 11*i. Let t = 0 - -4. Suppose 0 = -2*y - t, 4*y + 6 = 2*q - 4. What is h(q)?
11
Let h(w) be the second derivative of 3*w - 1/20*w**5 + 0*w**3 - 3/2*w**2 + 1/3*w**4 + 0. Suppose 5*l = -0*l + 20. What is h(l)?
-3
Let m(i) = 2*i**2 - 6*i + 1. Let a(b) = -b**2 + 4*b - 2. Let n(h) = -3*a(h) - 2*m(h). Give n(3).
-5
Let f(b) = 4*b**3 - 3*b + 3*b**3 - 6*b**3 - 3. Let d be ((-3)/(-2))/((-3)/(-4)). Suppose 4*j + 1 = -d*c - 3, 3*c - 4 = -j. Determine f(j).
-5
Let u(s) = s - 7*s + s. Determine u(-1).
5
Let n be (-5)/(-10)*(-5 + -1). Let p(b) = b - 4. Give p(n).
-7
Let o be (4/(-10))/((-2)/5). Let a(n) = -n + o + 5*n - 3*n. Suppose -3*v - 14 = 2*k, 6*v = k + 4*v - 7. Give a(k).
0
Let h(v) = v**3 + 5*v**2 + 3*v - 4. Let x be h(-4). Let i = 12 + -9. Let d = x + i. Let c(b) = b**3 - 4*b**2 + 5*b - 3. Give c(d).
3
Let p(l) = -l + 2. Let w be p(2). Suppose 5*i = 0, t + w*t = 2*i + 3. Let r(v) = 1 + v**2 + 0*v**2 - 2*v**2. Calculate r(t).
-8
Let c(o) be the first derivative of -o**2/2 + 6*o - 1. Let k be c(11). Let s(b) = b**3 + 4*b**2 - 5*b - 4. What is s(k)?
-4
Let b be (0 - -1)*(-2 - 4). Let x(h) = 368 - 730 - h**2 - 8*h + 361. What is x(b)?
11
Let r(d) = 3*d**3 + 3*d**2 + 2*d - 2. Let a(b) = -4*b**3 - 3*b**2 - 3*b + 2. Let w(x) = 2*a(x) + 3*r(x). What is w(-2)?
2
Let l be -2 + (0 - 3)/1. Suppose 0 = u - g + 2*g - 9, -g = 2*u - 13. Let d = u + l. Let t(w) = -2*w**3 + w**2 - w - 1. Calculate t(d).
3
Suppose -5*o + 4*s - 8 = -o, 5*o - 8 = -s. Let m(p) be the second derivative of -p**4/12 + p**3/6 + p**2/2 + 5*p. Give m(o).
1
Suppose -3*o = -5*r + 29, 3 = -o - 4*o - 3*r. Let u(q) = -q + 3. Determine u(o).
6
Suppose 2*g - 2*i - 4 = -0*g, g - 10 = -3*i. Let z(n) = -n + 9. Calculate z(g).
5
Let r(h) = h + 10. Let z be 20/(-2) - 14/(-7). Give r(z).
2
Let z(s) = -s**2 - 5*s + 7. Let f be (-1)/(-2)*(1 - 15). Determine z(f).
-7
Let i(d) = -d**3 + d**2 + d + 13. Suppose -4*f + 2 = 2*k, k + 4 = 4*f + 5*k. Determine i(f).
13
Let m(l) = 2 + 0*l + 2*l**2 - 2*l - 4 + 3*l. What is m(2)?
8
Let g be (0 + 0)/(2 + 0). Suppose 0 = -g*y - 2*y + 4. Let d(c) = 2*c**2 - 1 + 4*c**3 - 3*c**2 - c + 0*c**y. Determine d(-1).
-5
Suppose -2*y = -0*x + 2*x - 2, -1 = -x + 2*y. Let t(k) = 29*k + 13. Let i(h) = 14*h + 6. Let b(w) = -13*i(w) + 6*t(w). Determine b(x).
-8
Let t(d) be the first derivative of d**5/20 + 7*d**4/12 + 7*d**3/6 + 3*d**2/2 - 7*d + 9. Let o(u) be the first derivative of t(u). Calculate o(-6).
-3
Let m = -9 - -12. Let o(b) be the second derivative of 1/12*b**4 + 0*b**2 + 0 + 1/6*b**m + 2*b. Calculate o(-1).
0
Let v(z) be the first derivative of 4*z**2 - 1/3*z**3 - 1 - 6*z. Let k(i) = 3*i**2 + i + 2. Let l be k(-1). Give v(l).
10
Let n(q) = q**2 - 2*q - 2. Suppose 0 = 3*v - 2*t - 56 - 8, 0 = -3*v - 3*t + 84. Let x = v + -11. Suppose 3*m + c + c = 6, m - x = 3*c. What is n(m)?
6
Suppose 5*z - 5*q = 3*z + 21, -q + 15 = 2*z. Let l(i) = i**3 - 8*i**2 - i + 6. Determine l(z).
-2
Let b(j) = -4*j**2 + 6*j - 3. Let m(f) = f**2 - f + 1. Let c(r) = b(r) + 3*m(r). Let i(l) = l - 2. Let h be i(6). What is c(h)?
-4
Let q(u) = -u**3 + 2*u**2 - 3*u + 1. Let a be q(2). Let w be 3/(a/((-60)/9)). Let l(j) be the first derivative of j**3/3 - 3*j**2/2 + j - 1. Calculate l(w).
5
Suppose -9 = -6*x - 45. Let j(l) be the first derivative of l**2/2 + 8*l + 2. Calculate j(x).
2
Let p(o) = o**2 - 1. Let n(l) = 3*l**2 - 7*l + 11. Let q(g) = g**2 - 4*g + 6. Let z(y) = -3*n(y) + 7*q(y). Let x(d) = p(d) + z(d). What is x(-6)?
14
Let h = 2 + -2. Let a(j) = 3*j**2 - 7*j + 5. Let z(w) = -2*w**2 + 4*w - 3. Let g(o) = 3*a(o) + 5*z(o). What is g(h)?
0
Let i(n) be the third derivative of 3*n**4/8 - n**3/6 - 15*n**2. Determine i(1).
8
Suppose 5*j - 2*b = 17, 3*j - 2*b - 7 + 0 = 0. Suppose -1 = -2*x + 3. Let m(l) = 4*l - 16*l**x + 20*l**2 + l**3 - 2*l**3. Determine m(j).
-5
Let q(v) = 20*v - 6. Let t(c) = 7*c - 2. Let n(s) = -4*q(s) + 11*t(s). Calculate n(-5).
17
Let x(m) = -m + 6. Let c(p) = -3*p + 11. Let n(q) = -3*c(q) + 5*x(q). Determine n(2).
5
Let p(o) = -o**3 - o**2 - 4*o. Let y(t) = -3*t**3 - 2*t**2 - 12*t + 1. Let f(i) = 7*p(i) - 2*y(i). Let j be (3 - 2)/((-2)/4). Give f(j).
2
Let b = -4 + 10. Let s be (b/4)/((-3)/(-8)). Let p(r) = -3*r**2 - 3*r**3 + s*r**3 + 0*r - 2*r + 2. Determine p(3).
-4
Let x(c) be the third derivative of -c**9/60480 + c**7/5040 + c**6/90 + 7*c**5/60 - 3*c**2. Let a(k) be the third derivative of x(k). Determine a(0).
8
Let r = 0 + 4. Let v(m) = -m**2 - m + 5. Let y(u) = 2*u**2 + 3*u - 10. Let l(i) = 13*v(i) + 6*y(i). Let x(f) = f + 1. Let n(p) = -l(p) + 3*x(p). Give n(r).
6
Suppose z = -4*z. Let f(u) = -3*u**2 - 17*u - 3. Let j(m) = -m**2 - 6*m - 1. Let x(y) = 6*f(y) - 17*j(y). Give x(z).
-1
Let x = -15 - -17. Let t(g) = g**3 + 1. Calculate t(x).
9
Let q(y) be the second derivative of -y**4/12 - y**3/2 + y**2/2 - 15*y. Calculate q(2).
-9
Let d = 6 + -8. Suppose 3*u - 2 = 13. Let k(a) = u*a - 5*a + 2 - a. What is k(d)?
4
Let x be 4/14 - (6 + (-450)/42). Let b(d) = -d**2 - d + 3. Give b(x).
-27
Let u(f) = -2*f**2 - 2*f - 538 + 538. Calculate u(-2).
-4
Let o(k) = k**3 + 5*k**2 - 6*k + 2. Suppose 0 = 5*j + 4*p + 42, 4*j + 4*p = 3*j - 18. Determine o(j).
2
Let r(g) = -g - 5. Let k be (-20)/6 + 3/9. Let u = k + -2. Calculate r(u).
0
Let p(y) = y**3 - 3*y**2 + 2*y + 2. Let z(o) = 2*o + 3. Let u(b) = b**3 - 10*b**2 + 8*b + 9. Let t